{"id":82,"date":"2016-12-20T01:13:03","date_gmt":"2016-12-20T01:13:03","guid":{"rendered":"http:\/\/splsr.com.uy\/?page_id=82"},"modified":"2017-02-22T17:18:41","modified_gmt":"2017-02-22T17:18:41","slug":"fondo-rotatorio-de-raciones","status":"publish","type":"page","link":"http:\/\/splsr.com.uy\/?page_id=82","title":{"rendered":"Fondo Rotatorio"},"content":{"rendered":"<p>Es una herramienta financiera disponible para todas las familias socias. Se trata de un fondo que las familias solicitan para cubrir costos de inversiones, la comisi\u00f3n directiva analiza la propuesta presentada y el en caso de aprobarse, el lazo de devoluci\u00f3n es de hasta 6 meses.<\/p>\n<p>Como pol\u00edtica institucional, siempre se prioriza la financiaci\u00f3n de los emprendimientos colectivos por sobre los invdividuales.<\/p>\n<p>&nbsp;<\/p>\n","protected":false},"excerpt":{"rendered":"<p>Es una herramienta financiera disponible para todas las familias socias. Se trata de un fondo que las familias solicitan para cubrir costos de inversiones, la comisi\u00f3n directiva analiza la propuesta presentada y el en caso de aprobarse, el lazo de devoluci\u00f3n es de hasta 6 meses. Como pol\u00edtica institucional, siempre se prioriza la financiaci\u00f3n de [&hellip;]<\/p>\n","protected":false},"author":1,"featured_media":378,"parent":0,"menu_order":0,"comment_status":"closed","ping_status":"closed","template":"","meta":[],"_links":{"self":[{"href":"http:\/\/splsr.com.uy\/index.php?rest_route=\/wp\/v2\/pages\/82"}],"collection":[{"href":"http:\/\/splsr.com.uy\/index.php?rest_route=\/wp\/v2\/pages"}],"about":[{"href":"http:\/\/splsr.com.uy\/index.php?rest_route=\/wp\/v2\/types\/page"}],"author":[{"embeddable":true,"href":"http:\/\/splsr.com.uy\/index.php?rest_route=\/wp\/v2\/users\/1"}],"replies":[{"embeddable":true,"href":"http:\/\/splsr.com.uy\/index.php?rest_route=%2Fwp%2Fv2%2Fcomments&post=82"}],"version-history":[{"count":0,"href":"http:\/\/splsr.com.uy\/index.php?rest_route=\/wp\/v2\/pages\/82\/revisions"}],"wp:featuredmedia":[{"embeddable":true,"href":"http:\/\/splsr.com.uy\/index.php?rest_route=\/wp\/v2\/media\/378"}],"wp:attachment":[{"href":"http:\/\/splsr.com.uy\/index.php?rest_route=%2Fwp%2Fv2%2Fmedia&parent=82"}],"curies":[{"name":"wp","href":"https:\/\/api.w.org\/{rel}","templated":true}]}}